1?
44444
In base 5, what is -4 + 1303241?
1303232
In base 4, what is 1200232 + 100?
1200332
In base 7, what is -231 + -1564?
-2125
In base 7, what is -445166 - -2?
-445164
In base 12, what is -32 - -2599?
2567
In base 10, what is -4 - 647353?
-647357
In base 15, what is -dbb - 101?
-ebc
In base 8, what is -10434 - -2?
-10432
In base 16, what is 7 + 3412?
3419
In base 5, what is 244 + -203222?
-202423
In base 7, what is 23265 + -5?
23260
In base 14, what is -a - 479c?
-47a8
In base 2, what is -1100011110010001111 - 1101?
-1100011110010011100
In base 15, what is -62 + 214?
1a2
In base 7, what is 100 + 3562?
3662
In base 4, what is 22221 + -1312?
20303
In base 7, what is 16535 + -5?
16530
In base 10, what is -31340 - -1?
-31339
In base 13, what is 29b08 + -2?
29b06
In base 11, what is -25084 - -6?
-25079
In base 5, what is -113130 + -12?
-113142
In base 13, what is -530aaa - 3?
-530ab0
In base 7, what is 5 - -11265451?
11265456
In base 5, what is 42 - 1004340?
-1004243
In base 13, what is -118 - -745?
62a
In base 2, what is -101100010 + -10010000101000?
-10010110001010
In base 2, what is -10101111111011111 - 10?
-10101111111100001
In base 6, what is 11451410 - -2?
11451412
In base 9, what is -1 - -10227?
10226
In base 15, what is -225 - -103b?
d16
In base 5, what is 22313 - -240?
23103
In base 5, what is 211333 - -1103?
212441
In base 15, what is -7 + 414a?
4143
In base 11, what is 1133597 + -3?
1133594
In base 3, what is 2110 + 101202?
111012
In base 14, what is -4 - 1da2?
-1da6
In base 7, what is 1 + 655254?
655255
In base 10, what is -23580 - -1?
-23579
In base 15, what is -40 + -e18?
-e58
In base 8, what is -200 - 63?
-263
In base 5, what is -4 + -332001?
-332010
In base 9, what is -15 - 305?
-321
In base 8, what is 710 + 6323?
7233
In base 9, what is 223 - 85?
127
In base 3, what is 12121 + -1120020?
-1100122
In base 15, what is -c4b1 + -2?
-c4b3
In base 2, what is -1100001100000111001 + 1?
-1100001100000111000
In base 9, what is 100 + 12041?
12141
In base 3, what is -2210110 - -1001111?
-1201222
In base 10, what is -12 + -9190?
-9202
In base 9, what is 23 + 3132?
3155
In base 4, what is 1 + -1132232?
-1132231
In base 6, what is -3 - 12513?
-12520
In base 5, what is 104433 + 241?
110224
In base 6, what is -1250 - 1502?
-3152
In base 7, what is -54 + 34106?
34022
In base 9, what is -603405 + -4?
-603410
In base 6, what is -1025 + 45?
-540
In base 6, what is -2533 - 44?
-3021
In base 4, what is 1333 + -23120?
-21121
In base 15, what is aab - 145?
966
In base 7, what is -12010525 + -3?
-12010531
In base 5, what is -33414 + 1?
-33413
In base 11, what is 3 + 3027?
302a
In base 13, what is 315 + -c9?
219
In base 14, what is -146 - -401?
299
In base 3, what is -101012 + -100201?
-201220
In base 9, what is -5 + 1604373?
1604367
In base 6, what is -4053334 + 23?
-4053311
In base 12, what is 57412 + -3?
5740b
In base 14, what is 5c8 - -15?
5dd
In base 7, what is -1 + 3236?
3235
In base 8, what is 16 - -26732?
26750
In base 11, what is a30479 - 2?
a30477
In base 12, what is 5 - -1b579?
1b582
In base 14, what is 1939 - -6?
1941
In base 12, what is -a - -1078?
106a
In base 3, what is -101 + 21212102?
21212001
In base 2, what is -110111 + -11110101111101?
-11110110110100
In base 2, what is 1010011100010010001 + 110?
1010011100010010111
In base 2, what is 100100001111000101 - -1010?
100100001111001111
In base 13, what is 8 + -70c1?
-70b6
In base 16, what is -b - -1ad93?
1ad88
In base 10, what is 172 + -172?
0
In base 6, what is -4 - 3115152?
-3115200
In base 12, what is -1 - -192b97?
192b96
In base 5, what is -40 + 2241341?
2241301
In base 12, what is 17 + -88391?
-88376
In base 3, what is -10120 + -222?
-11112
In base 6, what is 232350 + 1054?
233444
In base 9, what is -78236 + 20?
-78216
In base 3, what is 2022111 - 2122?
2012212
In base 5, what is 112144 + -303?
111341
In base 4, what is -22302102103 - -11?
-22302102032
In base 8, what is 1466 + 42?
1530
In base 10, what is -767 - -6?
-761
In base 2, what is 10010001001 + 1011?
10010010100
In base 2, what is 11100111111000 + -1?
11100111110111
In base 16, what is 33d - -146?
483
In base 10, what is 1939 + 0?
1939
In base 14, what is 79 - 1c2?
-147
In base 15, what is -602 - -95?
-55c
In base 13, what is -21b5 + -7?
-21bc
In base 8, what is -253 + -1462?
-1735
In base 3, what is 222 - 1022001022?
-1022000100
In base 15, what is -7999 + -80?
-7a29
In base 13, what is -4004 - 4?
-4008
In base 16, what is -b3463 + c?
-b3457
In base 16, what is -2 - -abd6d?
abd6b
In base 3, what is 120220020 + 1?
120220021
In base 8, what is -4520 + -4?
-4524
In base 4, what is -22102 - 21101?
-103203
In base 2, what is -1000001110001 + 1000?
-1000001101001
In base 4, what is -2 + 213212?
213210
In base 8, what is -4 - 270051?
-270055
In base 12, what is 2 + 54389?
5438b
In base 4, what is -22330303 - -2?
-22330301
In base 11, what is 202aa3 - -3?
202aa6
In base 14, what is 293 - -590?
843
In base 11, what is 401a42 + 0?
401a42
In base 15, what is 18e + -30ec?
-2e5d
In base 16, what is 31f + -25?
2fa
In base 5, what is 13 - -1322312?
1322330
In base 4, what is 1112322 - 2?
1112320
In base 4, what is -3 - 320101?
-320110
In base 12, what is 3 + -221122?
-22111b
In base 5, what is 3431 - -14214?
23200
In base 5, what is -10012244 + 2?
-10012242
In base 16, what is 0 + -42bec?
-42bec
In base 13, what is 2144b + -3?
21448
In base 2, what is 100010000 - 10111100011?
-10011010011
In base 10, what is -113 + 2439?
2326
In base 16, what is 15ead2 + 4?
15ead6
In base 2, what is 10011001111011 + -11001?
10011001100010
In base 3, what is 210000012 + -120?
202222122
In base 7, what is 0 - -31530?
31530
In base 15, what is -2 - 7c0d?
-7c10
In base 2, what is 1000001001111101 + 11?
1000001010000000
In base 9, what is -513154 + 1?
-513153
In base 8, what is -224 - -1663?
1437
In base 10, what is 26 + 8587?
8613
In base 15, what is 5 + 277ae?
277b4
In base 11, what is -a1 + 66?
-36
In base 15, what is 7987 - -21?
79a8
In base 12, what is -ba0 - 12?
-bb2
In base 4, what is -311332311 - -1?
-311332310
In base 9, what is -45 - -1007?
852
In base 9, what is -22438 - -40?
-22388
In base 3, what is 122121 + 1122202?
2022100
In base 16, what is -845d - -1?
-845c
In base 16, what is 882 - -9?
88b
In base 7, what is 426021 - -4?
426025
In base 8, what is -155100 + -13?
-155113
In base 12, what is 0 + -187a6?
-187a6
In base 15, what is 8a7 - -29a?
b52
In base 12, what is 6 + -4267?
-4261
In base 12, what is -5725b4 + -4?
-5725b8
In base 2, what is -11100000100001011101 + -11?
-11100000100001100000
In base 11, what is 1 + -24761?
-24760
In base 14, what is -5 - -19a936?
19a931
In base 7, what is 156 + -523?
-334
In base 12, what is 6ba5a + 1?
6ba5b
In base 11, what is -40199 + -4?
-401a2
In base 10, what is 606 - -12043?
12649
In base 9, what is -11 - -1003?
882
In base 4, what is -23101 - 0?
-23101
In base 3, what is -11221001 - -2102?
-11211122
In base 7, what is -106 - 10655?
-11064
In base 6, what is 1405 + -150?
1215
In base 9, what is 1 + -237848?
-237847
In base 9, what is 2 - -28751?
28753
In base 16, what is 4f541 + 2?
4f543
In base 6, what is -1 - -110302?
110301
In base 3, what is 212211 + -22212101?
-21222120
In base 3, what is 1012100202 + -2?
1012100200
In base 13, what is -1 - 9?
-a
In base 15, what is 3 - -be7?
bea
In base 9, what is -2236 - -77?
-2148
In base 13, what is -4 - 14723?
-14727
In base 15, what is -978a9 - -3?
-978a6
In base 10, what is -981 + -16?
-997
In base 11, what is 6 + -135?
-12a
In base 2, what is 1000000110111010 - 100?
1000000110110110
In base 10, what is -6 - -29244?
29238
In base 4, what is -1011 - -2?
-1003
In base 16, what is -4b - 24a7?
-24f2
In base 12, what is -b362 - 0?
-b362
In base 10, what is 16804 - -176?
16980
In base 14, what is -1b640 - 10?
-1b650
In base 15, what is 2 - -15c31?
15c33
In base 13, what is -224a + 23?
-2227
In base 2, what is 100011110 + 1111011111?
10011111101
In base 5, what is 24 - 1023343?
-1023314
In base 2, what is 1010101100101 + 110?
1010101101011
In base 12, what is 1a - 1306?
-12a8
In base 16, what is 0 + 17f2?
17f2
In base 16, what is -47e - -191?
-2ed
In base 15, what is -36 - -a5?
6e
In base 12, what is -4 + -10a3a3?
-10a3a7
In base 12, what is -14 + -38b5?
-3909
In